{"id":180,"date":"2026-04-18T06:43:09","date_gmt":"2026-04-18T06:43:09","guid":{"rendered":"https:\/\/avocat-dreptcivil.ro\/?page_id=180"},"modified":"2026-04-18T06:43:48","modified_gmt":"2026-04-18T06:43:48","slug":"avocat-bucuresti-drept-civil","status":"publish","type":"page","link":"https:\/\/avocat-dreptcivil.ro\/","title":{"rendered":"Avocat Bucure\u0219ti \u2013 Drept civil, familie, succesiuni \u0219i executare silit\u0103"},"content":{"rendered":"\n<p>Cabinet de avocat din Bucure\u0219ti specializat \u00een drept civil, dreptul familiei, succesiuni, partaj \u0219i executare silit\u0103. Oferim consultan\u021b\u0103 \u0219i reprezentare juridic\u0103 \u00een fa\u021ba instan\u021belor de judecat\u0103, notarilor \u0219i altor institu\u021bii.<\/p>\n\n\n\n<hr class=\"wp-block-separator has-alpha-channel-opacity\"\/>\n\n\n\n<h2 class=\"wp-block-heading\">\u2696\ufe0f Ave\u021bi nevoie de ajutor juridic?<\/h2>\n\n\n\n<p>Dac\u0103 v\u0103 confrunta\u021bi cu una dintre situa\u021biile de mai jos, v\u0103 putem ajuta:<\/p>\n\n\n\n<ul class=\"wp-block-list\">\n<li>divor\u021b \u0219i probleme privind copiii minori<\/li>\n\n\n\n<li>partaj bunuri comune sau mo\u0219tenite<\/li>\n\n\n\n<li>succesiuni \u0219i litigii \u00eentre mo\u0219tenitori<\/li>\n\n\n\n<li>executare silit\u0103 \u0219i popriri<\/li>\n\n\n\n<li>apararea dreptului de proprietate privata<\/li>\n\n\n\n<li>dreptul muncii<\/li>\n<\/ul>\n\n\n\n<hr class=\"wp-block-separator has-alpha-channel-opacity\"\/>\n\n\n\n<h2 class=\"wp-block-heading\">\ud83d\udcde Consultan\u021b\u0103 juridic\u0103<\/h2>\n\n\n\n<p>Fiecare caz este diferit \u0219i necesit\u0103 o analiz\u0103 individual\u0103.<\/p>\n\n\n\n<p>Pentru a identifica solu\u021bia juridic\u0103 potrivit\u0103, v\u0103 rug\u0103m s\u0103 solicita\u021bi o consultan\u021b\u0103.<\/p>\n\n\n\n<p>\ud83d\udc49 Telefon: <strong>0721460716<\/strong><br>\ud83d\udc49 Email: <strong>ema.draghici@gmail.com ; emadraghici@hotmail.com<\/strong><\/p>\n\n\n\n<hr class=\"wp-block-separator has-alpha-channel-opacity\"\/>\n\n\n\n<h2 class=\"wp-block-heading\">\u2696\ufe0f Domenii de activitate<\/h2>\n\n\n\n<ul class=\"wp-block-list\">\n<li>Drept civil (apararea dreptului de proprietate privata, recuperari creante, etc)<\/li>\n\n\n\n<li>Dreptul muncii<\/li>\n\n\n\n<li>Dreptul familiei<\/li>\n\n\n\n<li>Succesiuni, partaj, executare silita<\/li>\n<\/ul>\n\n\n\n<hr class=\"wp-block-separator has-alpha-channel-opacity\"\/>\n\n\n\n<h2 class=\"wp-block-heading\">\ud83e\udde0 De ce s\u0103 apela\u021bi la un avocat<\/h2>\n\n\n\n<p>O problem\u0103 juridic\u0103 nerezolvat\u0103 corect la timp poate genera consecin\u021be importante.<\/p>\n\n\n\n<p>Asisten\u021ba juridic\u0103 v\u0103 ajut\u0103 s\u0103:<\/p>\n\n\n\n<ul class=\"wp-block-list\">\n<li>\u00een\u021belege\u021bi corect situa\u021bia juridic\u0103<\/li>\n\n\n\n<li>evita\u021bi erori procedurale<\/li>\n\n\n\n<li>proteja\u021bi drepturile \u0219i interesele dumneavoastr\u0103<\/li>\n\n\n\n<li>g\u0103si\u021bi solu\u021bia legal\u0103 optim\u0103<\/li>\n<\/ul>\n\n\n\n<hr class=\"wp-block-separator has-alpha-channel-opacity\"\/>\n\n\n\n<h2 class=\"wp-block-heading\">\ud83d\udccd Bucure\u0219ti<\/h2>\n\n\n\n<p>Servicii juridice oferite \u00een Bucure\u0219ti \u0219i \u00eemprejurimi.<\/p>\n\n\n\n<hr class=\"wp-block-separator has-alpha-channel-opacity\"\/>\n\n\n\n<h2 class=\"wp-block-heading\">\ud83d\udd1a Concluzie<\/h2>\n\n\n\n<p>Pentru o analiz\u0103 corect\u0103 \u0219i solu\u021bionarea eficient\u0103 a problemelor juridice, este recomandat\u0103 consultarea unui avocat specializat \u00een drept civil \u0219i dreptul familiei<\/p>\n","protected":false},"excerpt":{"rendered":"<p>Cabinet de avocat din Bucure\u0219ti specializat \u00een drept civil, dreptul familiei, succesiuni, partaj \u0219i executare silit\u0103. Oferim consultan\u021b\u0103 \u0219i reprezentare juridic\u0103 \u00een fa\u021ba instan\u021belor de judecat\u0103, notarilor \u0219i altor institu\u021bii. \u2696\ufe0f Ave\u021bi nevoie de ajutor juridic? Dac\u0103 v\u0103 confrunta\u021bi cu una dintre situa\u021biile de mai jos, v\u0103 putem ajuta: \ud83d\udcde Consultan\u021b\u0103 juridic\u0103 Fiecare caz este [&hellip;]<\/p>\n","protected":false},"author":1,"featured_media":0,"parent":0,"menu_order":0,"comment_status":"closed","ping_status":"closed","template":"","meta":{"_acf_changed":false,"footnotes":""},"class_list":["post-180","page","type-page","status-publish","hentry"],"acf":[],"_links":{"self":[{"href":"https:\/\/avocat-dreptcivil.ro\/index.php\/wp-json\/wp\/v2\/pages\/180","targetHints":{"allow":["GET"]}}],"collection":[{"href":"https:\/\/avocat-dreptcivil.ro\/index.php\/wp-json\/wp\/v2\/pages"}],"about":[{"href":"https:\/\/avocat-dreptcivil.ro\/index.php\/wp-json\/wp\/v2\/types\/page"}],"author":[{"embeddable":true,"href":"https:\/\/avocat-dreptcivil.ro\/index.php\/wp-json\/wp\/v2\/users\/1"}],"replies":[{"embeddable":true,"href":"https:\/\/avocat-dreptcivil.ro\/index.php\/wp-json\/wp\/v2\/comments?post=180"}],"version-history":[{"count":2,"href":"https:\/\/avocat-dreptcivil.ro\/index.php\/wp-json\/wp\/v2\/pages\/180\/revisions"}],"predecessor-version":[{"id":182,"href":"https:\/\/avocat-dreptcivil.ro\/index.php\/wp-json\/wp\/v2\/pages\/180\/revisions\/182"}],"wp:attachment":[{"href":"https:\/\/avocat-dreptcivil.ro\/index.php\/wp-json\/wp\/v2\/media?parent=180"}],"curies":[{"name":"wp","href":"https:\/\/api.w.org\/{rel}","templated":true}]}}